{"id":198,"date":"2023-08-27T21:13:17","date_gmt":"2023-08-27T21:13:17","guid":{"rendered":"https:\/\/heavenchocolate.hu\/klonteszt1\/?page_id=198"},"modified":"2023-08-27T21:42:23","modified_gmt":"2023-08-27T21:42:23","slug":"gyakran-ismetelt-kerdesek","status":"publish","type":"page","link":"https:\/\/heavenchocolate.hu\/klonteszt1\/gyakran-ismetelt-kerdesek\/","title":{"rendered":"Gyakran ism\u00e9telt k\u00e9rd\u00e9sek"},"content":{"rendered":"\t\t<div data-elementor-type=\"wp-page\" data-elementor-id=\"198\" class=\"elementor elementor-198\" data-elementor-post-type=\"page\">\n\t\t\t\t<div class=\"elementor-element elementor-element-a8c60a5 e-flex e-con-boxed e-con e-parent\" data-id=\"a8c60a5\" data-element_type=\"container\" data-settings=\"{&quot;background_background&quot;:&quot;classic&quot;}\">\n\t\t\t\t\t<div class=\"e-con-inner\">\n\t\t\t\t<div class=\"elementor-element elementor-element-e7b6ab4 elementor-widget elementor-widget-heading\" data-id=\"e7b6ab4\" data-element_type=\"widget\" data-widget_type=\"heading.default\">\n\t\t\t\t<div class=\"elementor-widget-container\">\n\t\t\t\t\t<h2 class=\"elementor-heading-title elementor-size-default\">Gyakran ism\u00e9telt k\u00e9rd\u00e9sek<\/h2>\t\t\t\t<\/div>\n\t\t\t\t<\/div>\n\t\t\t\t\t<\/div>\n\t\t\t\t<\/div>\n\t\t<div class=\"elementor-element elementor-element-40487a2 e-flex e-con-boxed e-con e-parent\" data-id=\"40487a2\" data-element_type=\"container\">\n\t\t\t\t\t<div class=\"e-con-inner\">\n\t\t\t\t<div class=\"elementor-element elementor-element-295bf7b elementor-widget elementor-widget-text-editor\" data-id=\"295bf7b\" data-element_type=\"widget\" data-widget_type=\"text-editor.default\">\n\t\t\t\t<div class=\"elementor-widget-container\">\n\t\t\t\t\t\t\t\t\t<h4><strong>Milyen csokol\u00e1d\u00e9t haszn\u00e1lok?<\/strong><\/h4><p>Belga, francia \u00e9s kolumbiai alapanyagokkal dolgozom . Nem tartalmaznak glut\u00e9nt.<br \/><br \/>Az \u00e9tcsokol\u00e1d\u00e9 tejmentes.<br \/><br \/>Van olyan \u00e9tcsokol\u00e1d\u00e9m, amely sem cukrot, sem \u00e9des\u00edt\u0151szert nem tartalmaz, \u00edzgazdags\u00e1g\u00e1r\u00f3l A kaka\u00f3magok k\u00f6zti gy\u00fcm\u00f6lcsh\u00fasb\u00f3l pr\u00e9selt , m\u00e9z \u00e1llag\u00fa szirup adja.<\/p><h4>Miben k\u00fcl\u00f6nb\u00f6zik a k\u00e9zm\u0171ves csokol\u00e1d\u00e9 a t\u00f6megterm\u00e9kekt\u0151l?<\/h4><p>Sok k\u00eds\u00e9rletez\u00e9s alapj\u00e1n alakul ki a bonbon t\u00f6ltel\u00e9kek v\u00e9gleges receptje . Mindig k\u00e9zzel k\u00e9sz\u00fcl, nagy gondoss\u00e1ggal, tart\u00f3s\u00edt\u00f3szerek haszn\u00e1lata n\u00e9lk\u00fcl. Ez\u00e9rt az eltarthat\u00f3s\u00e1gi ideje sokkal r\u00f6videbb , de biztosan nem is marad meg, hisz pillanatok alatt elfogy .<\/p><h4>Hogyan sz\u00e1ll\u00edtsam?<\/h4><p>A csokol\u00e1d\u00e9 szereti a gondoskod\u00e1st . A m\u0171helyben \u00e1lland\u00f3 h\u0151m\u00e9rs\u00e9kleten, 20 C k\u00f6rny\u00e9k\u00e9n tartom. Sz\u00e1ll\u00edt\u00e1skor megh\u00e1l\u00e1lja a a melegben a h\u0171t\u0151t\u00e1sk\u00e1t, hosszabb \u00fatra a j\u00e9gakkut is. N\u00e1lam lehet b\u00e9relni is, ha gyors seg\u00edts\u00e9g kell!<\/p><h4>Milyen a csomagol\u00e1s?<\/h4><p>Figyelek a k\u00f6rnyezetre, ez\u00e9rt az eleg\u00e1ns, praktikus \u00e9s egyszer\u0171 megold\u00e1sokat keresem. Bonbonos dobozaimat \u00fajra t\u00f6ltheted, vagy hozhatsz saj\u00e1t f\u00e9m dobozt, j\u00f3l z\u00e1rhat\u00f3 \u00fcveg t\u00e1rl\u00f3dobozt is.<\/p><h4>Hogyan t\u00e1roljam a csokol\u00e1d\u00e9t?<\/h4><p>Az a legjobb, ha szobah\u0151m\u00e9rs\u00e9kleten, 20 C k\u00f6rny\u00e9k\u00e9n t\u00e1roljuk. Nem szereti a h\u0151m\u00e9rs\u00e9klet ingadoz\u00e1st. Ha megolvad, majd betessz\u00fck a h\u0171t\u0151be, a legmagasabb min\u0151s\u00e9g\u0171 Csokol\u00e1d\u00e9 is \u201ckisz\u00fcrk\u00fcl\u201d. Mi\u00e9rt? Mert a megolvadt csokol\u00e1d\u00e9b\u00f3l a kaka\u00f3vaj a meleg hat\u00e1s\u00e1ra elvesz\u00edti a temper\u00e1l\u00e1ssal l\u00e9trehozott stabilit\u00e1s\u00e1t, a h\u0171t\u0151ben pedig a hidegben r\u00e1dermed a felsz\u00ednre. Ett\u0151l m\u00e9g nem romlik meg, csak eszt\u00e9tikai probl\u00e9ma. De mennyivel \u00e9lvezetesebb egy csillog\u00f3, roppan\u00f3s csoki!<\/p><h4>K\u00e9rhetek egyedi csokol\u00e1d\u00e9t?<\/h4><p>\u00d6nt\u0151 form\u00e1kkal dolgozom, de bizonyos m\u00e9rt\u00e9kig vari\u00e1lhat\u00f3ak. Mindig k\u00fcl\u00f6n megbesz\u00e9l\u00e9s K\u00e9rd\u00e9se, hogy az \u00f6tlet megval\u00f3s\u00edthat\u00f3-e. (\u00cdgy k\u00e9sz\u00fclt pl. vonalz\u00f3 \u00f6nt\u0151form\u00e1k seg\u00edts\u00e9g\u00e9vel ablakkeret.)<\/p><p>\u00a0<\/p>\t\t\t\t\t\t\t\t<\/div>\n\t\t\t\t<\/div>\n\t\t\t\t\t<\/div>\n\t\t\t\t<\/div>\n\t\t\t\t<\/div>\n\t\t","protected":false},"excerpt":{"rendered":"<p>Gyakran ism\u00e9telt k\u00e9rd\u00e9sek Milyen csokol\u00e1d\u00e9t haszn\u00e1lok? Belga, francia \u00e9s kolumbiai alapanyagokkal dolgozom . Nem tartalmaznak glut\u00e9nt. Az \u00e9tcsokol\u00e1d\u00e9 tejmentes. Van olyan \u00e9tcsokol\u00e1d\u00e9m, amely sem cukrot, sem \u00e9des\u00edt\u0151szert nem tartalmaz, \u00edzgazdags\u00e1g\u00e1r\u00f3l A kaka\u00f3magok k\u00f6zti gy\u00fcm\u00f6lcsh\u00fasb\u00f3l pr\u00e9selt , m\u00e9z \u00e1llag\u00fa szirup adja. Miben k\u00fcl\u00f6nb\u00f6zik a k\u00e9zm\u0171ves csokol\u00e1d\u00e9 a t\u00f6megterm\u00e9kekt\u0151l? Sok k\u00eds\u00e9rletez\u00e9s alapj\u00e1n alakul ki a bonbon t\u00f6ltel\u00e9kek [&hellip;]<\/p>\n","protected":false},"author":4,"featured_media":0,"parent":0,"menu_order":0,"comment_status":"closed","ping_status":"closed","template":"","meta":{"site-sidebar-layout":"no-sidebar","site-content-layout":"page-builder","ast-site-content-layout":"","site-content-style":"default","site-sidebar-style":"default","ast-global-header-display":"","ast-banner-title-visibility":"","ast-main-header-display":"","ast-hfb-above-header-display":"","ast-hfb-below-header-display":"","ast-hfb-mobile-header-display":"","site-post-title":"disabled","ast-breadcrumbs-content":"","ast-featured-img":"disabled","footer-sml-layout":"","theme-transparent-header-meta":"","adv-header-id-meta":"","stick-header-meta":"","header-above-stick-meta":"","header-main-stick-meta":"","header-below-stick-meta":"","astra-migrate-meta-layouts":"default","ast-page-background-enabled":"default","ast-page-background-meta":{"desktop":{"background-color":"var(--ast-global-color-4)","background-image":"","background-repeat":"repeat","background-position":"center center","background-size":"auto","background-attachment":"scroll","background-type":"","background-media":"","overlay-type":"","overlay-color":"","overlay-opacity":"","overlay-gradient":""},"tablet":{"background-color":"","background-image":"","background-repeat":"repeat","background-position":"center center","background-size":"auto","background-attachment":"scroll","background-type":"","background-media":"","overlay-type":"","overlay-color":"","overlay-opacity":"","overlay-gradient":""},"mobile":{"background-color":"","background-image":"","background-repeat":"repeat","background-position":"center center","background-size":"auto","background-attachment":"scroll","background-type":"","background-media":"","overlay-type":"","overlay-color":"","overlay-opacity":"","overlay-gradient":""}},"ast-content-background-meta":{"desktop":{"background-color":"var(--ast-global-color-5)","background-image":"","background-repeat":"repeat","background-position":"center center","background-size":"auto","background-attachment":"scroll","background-type":"","background-media":"","overlay-type":"","overlay-color":"","overlay-opacity":"","overlay-gradient":""},"tablet":{"background-color":"var(--ast-global-color-5)","background-image":"","background-repeat":"repeat","background-position":"center center","background-size":"auto","background-attachment":"scroll","background-type":"","background-media":"","overlay-type":"","overlay-color":"","overlay-opacity":"","overlay-gradient":""},"mobile":{"background-color":"var(--ast-global-color-5)","background-image":"","background-repeat":"repeat","background-position":"center center","background-size":"auto","background-attachment":"scroll","background-type":"","background-media":"","overlay-type":"","overlay-color":"","overlay-opacity":"","overlay-gradient":""}},"footnotes":""},"class_list":["post-198","page","type-page","status-publish","hentry"],"_links":{"self":[{"href":"https:\/\/heavenchocolate.hu\/klonteszt1\/wp-json\/wp\/v2\/pages\/198","targetHints":{"allow":["GET"]}}],"collection":[{"href":"https:\/\/heavenchocolate.hu\/klonteszt1\/wp-json\/wp\/v2\/pages"}],"about":[{"href":"https:\/\/heavenchocolate.hu\/klonteszt1\/wp-json\/wp\/v2\/types\/page"}],"author":[{"embeddable":true,"href":"https:\/\/heavenchocolate.hu\/klonteszt1\/wp-json\/wp\/v2\/users\/4"}],"replies":[{"embeddable":true,"href":"https:\/\/heavenchocolate.hu\/klonteszt1\/wp-json\/wp\/v2\/comments?post=198"}],"version-history":[{"count":5,"href":"https:\/\/heavenchocolate.hu\/klonteszt1\/wp-json\/wp\/v2\/pages\/198\/revisions"}],"predecessor-version":[{"id":207,"href":"https:\/\/heavenchocolate.hu\/klonteszt1\/wp-json\/wp\/v2\/pages\/198\/revisions\/207"}],"wp:attachment":[{"href":"https:\/\/heavenchocolate.hu\/klonteszt1\/wp-json\/wp\/v2\/media?parent=198"}],"curies":[{"name":"wp","href":"https:\/\/api.w.org\/{rel}","templated":true}]}}